{"id":9753,"date":"2016-11-22T21:03:42","date_gmt":"2016-11-22T21:03:42","guid":{"rendered":"http:\/\/icamed.com.br\/clinica-medica\/?page_id=9753"},"modified":"2024-10-05T01:40:03","modified_gmt":"2024-10-05T04:40:03","slug":"medicina-do-sono","status":"publish","type":"page","link":"https:\/\/icamed.com.br\/clinica-medica\/medicina-do-sono\/","title":{"rendered":"MEDICINA DO SONO"},"content":{"rendered":"[vc_row][vc_column][vc_empty_space height=&#8221;30px&#8221;][vc_column_text]\n<h1 style=\"text-align: center;\">MEDICINA DO SONO<\/h1>\n[\/vc_column_text][vc_empty_space height=&#8221;20px&#8221;][vc_column_text]<img loading=\"lazy\" class=\"alignright size-medium wp-image-9802\" src=\"http:\/\/icamed.com.br\/clinica-medica\/wp-content\/uploads\/2016\/11\/medicina-do-sono-300x200.jpg\" alt=\"medicina-do-sono\" width=\"300\" height=\"200\" srcset=\"https:\/\/icamed.com.br\/clinica-medica\/wp-content\/uploads\/2016\/11\/medicina-do-sono-300x200.jpg 300w, https:\/\/icamed.com.br\/clinica-medica\/wp-content\/uploads\/2016\/11\/medicina-do-sono-480x320.jpg 480w, https:\/\/icamed.com.br\/clinica-medica\/wp-content\/uploads\/2016\/11\/medicina-do-sono.jpg 600w\" sizes=\"(max-width: 300px) 100vw, 300px\" \/><\/p>\n<p style=\"text-align: justify;\">A Medicina do Sono \u00e9 um ramo relativamente recente, conta com pouco mais do que duas d\u00e9cadas e o Brasil se encontra no topo do desenvolvimento da pesquisa nessa \u00e1rea. \u00c9 multidisciplinar &#8211; abrange v\u00e1rias especialidades m\u00e9dicas &#8211; e tem por objetivo diagnosticar e tratar adequadamente os chamados &#8220;dist\u00farbios do sono&#8221;. O ronco pode ser o principal sintoma da S\u00edndrome de Apneia do Sono, que se refere a uma doen\u00e7a em que o indiv\u00edduo apresenta sucessivas paradas respirat\u00f3rias de curta dura\u00e7\u00e3o. Essa S\u00edndrome pode trazer in\u00fameras repercuss\u00f5es a sa\u00fade do indiv\u00edduo como aumentar a chance de IAM, de AVC, HAS, al\u00e9m de impactar significativamente na qualidade do sono e com isso na produtividade no trabalho, causando sonol\u00eancia diurna, impot\u00eancia, irritabilidade e outros danos a vida do paciente.<\/p>\n<p>&nbsp;<\/p>\n<p style=\"text-align: justify;\">Conforme as recomenda\u00e7\u00f5es da Sociedade Americana dos Dist\u00farbios do Sono (ASDA), a POLISSONOGRAFIA \u00e9 o m\u00e9todo de escolha para o diagn\u00f3stico das altera\u00e7\u00f5es relacionadas ao sono e, tamb\u00e9m, para titula\u00e7\u00e3o de CPAP e para avalia\u00e7\u00e3o da apn\u00e9ia obstrutiva do sono.<\/p>\n[\/vc_column_text][vc_empty_space][\/vc_column][\/vc_row]\n","protected":false},"excerpt":{"rendered":"<p>[vc_row][vc_column][vc_empty_space height=&#8221;30px&#8221;][vc_column_text] MEDICINA DO SONO [\/vc_column_text][vc_empty_space height=&#8221;20px&#8221;][vc_column_text] A Medicina do Sono \u00e9 um ramo relativamente recente, conta com pouco mais do que duas d\u00e9cadas e o Brasil se encontra no topo do desenvolvimento da pesquisa nessa \u00e1rea. \u00c9 multidisciplinar &#8211; abrange v\u00e1rias especialidades m\u00e9dicas &#8211;&#8230;<\/p>\n","protected":false},"author":1,"featured_media":0,"parent":0,"menu_order":0,"comment_status":"closed","ping_status":"open","template":"","meta":[],"_links":{"self":[{"href":"https:\/\/icamed.com.br\/clinica-medica\/wp-json\/wp\/v2\/pages\/9753"}],"collection":[{"href":"https:\/\/icamed.com.br\/clinica-medica\/wp-json\/wp\/v2\/pages"}],"about":[{"href":"https:\/\/icamed.com.br\/clinica-medica\/wp-json\/wp\/v2\/types\/page"}],"author":[{"embeddable":true,"href":"https:\/\/icamed.com.br\/clinica-medica\/wp-json\/wp\/v2\/users\/1"}],"replies":[{"embeddable":true,"href":"https:\/\/icamed.com.br\/clinica-medica\/wp-json\/wp\/v2\/comments?post=9753"}],"version-history":[{"count":6,"href":"https:\/\/icamed.com.br\/clinica-medica\/wp-json\/wp\/v2\/pages\/9753\/revisions"}],"predecessor-version":[{"id":26025,"href":"https:\/\/icamed.com.br\/clinica-medica\/wp-json\/wp\/v2\/pages\/9753\/revisions\/26025"}],"wp:attachment":[{"href":"https:\/\/icamed.com.br\/clinica-medica\/wp-json\/wp\/v2\/media?parent=9753"}],"curies":[{"name":"wp","href":"https:\/\/api.w.org\/{rel}","templated":true}]}}