{"id":9748,"date":"2016-11-22T21:02:34","date_gmt":"2016-11-22T21:02:34","guid":{"rendered":"http:\/\/icamed.com.br\/clinica-medica\/?page_id=9748"},"modified":"2024-10-05T01:40:03","modified_gmt":"2024-10-05T04:40:03","slug":"cardiologia","status":"publish","type":"page","link":"https:\/\/icamed.com.br\/clinica-medica\/cardiologia\/","title":{"rendered":"CARDIOLOGIA"},"content":{"rendered":"[vc_row][vc_column][vc_empty_space height=&#8221;30px&#8221;][vc_column_text]\n<h1 style=\"text-align: center;\">CARDIOLOGIA<\/h1>\n[\/vc_column_text][vc_empty_space height=&#8221;20px&#8221;][vc_column_text]\n<p style=\"text-align: justify;\"><img loading=\"lazy\" class=\"alignright size-medium wp-image-9796\" src=\"http:\/\/icamed.com.br\/clinica-medica\/wp-content\/uploads\/2016\/11\/cardiologia-icamed-3-300x200.jpg\" alt=\"cardiologia-icamed-3\" width=\"300\" height=\"200\" srcset=\"https:\/\/icamed.com.br\/clinica-medica\/wp-content\/uploads\/2016\/11\/cardiologia-icamed-3-300x200.jpg 300w, https:\/\/icamed.com.br\/clinica-medica\/wp-content\/uploads\/2016\/11\/cardiologia-icamed-3-480x320.jpg 480w, https:\/\/icamed.com.br\/clinica-medica\/wp-content\/uploads\/2016\/11\/cardiologia-icamed-3.jpg 600w\" sizes=\"(max-width: 300px) 100vw, 300px\" \/>Cardiologia \u00e9 a especialidade m\u00e9dica que se ocupa do diagn\u00f3stico e tratamento das doen\u00e7as que acometem o cora\u00e7\u00e3o e o sistema circulat\u00f3rio. Consulte com nosso Cardiologista!<\/p>\n[\/vc_column_text][vc_empty_space][\/vc_column][\/vc_row]\n","protected":false},"excerpt":{"rendered":"<p>[vc_row][vc_column][vc_empty_space height=&#8221;30px&#8221;][vc_column_text] CARDIOLOGIA [\/vc_column_text][vc_empty_space height=&#8221;20px&#8221;][vc_column_text] Cardiologia \u00e9 a especialidade m\u00e9dica que se ocupa do diagn\u00f3stico e tratamento das doen\u00e7as que acometem o cora\u00e7\u00e3o e o sistema circulat\u00f3rio. Consulte com nosso Cardiologista! [\/vc_column_text][vc_empty_space][\/vc_column][\/vc_row]<\/p>\n","protected":false},"author":1,"featured_media":0,"parent":0,"menu_order":0,"comment_status":"closed","ping_status":"open","template":"","meta":[],"_links":{"self":[{"href":"https:\/\/icamed.com.br\/clinica-medica\/wp-json\/wp\/v2\/pages\/9748"}],"collection":[{"href":"https:\/\/icamed.com.br\/clinica-medica\/wp-json\/wp\/v2\/pages"}],"about":[{"href":"https:\/\/icamed.com.br\/clinica-medica\/wp-json\/wp\/v2\/types\/page"}],"author":[{"embeddable":true,"href":"https:\/\/icamed.com.br\/clinica-medica\/wp-json\/wp\/v2\/users\/1"}],"replies":[{"embeddable":true,"href":"https:\/\/icamed.com.br\/clinica-medica\/wp-json\/wp\/v2\/comments?post=9748"}],"version-history":[{"count":6,"href":"https:\/\/icamed.com.br\/clinica-medica\/wp-json\/wp\/v2\/pages\/9748\/revisions"}],"predecessor-version":[{"id":26017,"href":"https:\/\/icamed.com.br\/clinica-medica\/wp-json\/wp\/v2\/pages\/9748\/revisions\/26017"}],"wp:attachment":[{"href":"https:\/\/icamed.com.br\/clinica-medica\/wp-json\/wp\/v2\/media?parent=9748"}],"curies":[{"name":"wp","href":"https:\/\/api.w.org\/{rel}","templated":true}]}}