{"id":11341,"date":"2019-07-24T22:07:18","date_gmt":"2019-07-25T01:07:18","guid":{"rendered":"https:\/\/icamed.com.br\/clinica-medica\/?page_id=11341"},"modified":"2024-10-05T01:37:19","modified_gmt":"2024-10-05T04:37:19","slug":"angiologia","status":"publish","type":"page","link":"https:\/\/icamed.com.br\/clinica-medica\/angiologia\/","title":{"rendered":"ANGIOLOGIA"},"content":{"rendered":"[vc_row][vc_column][vc_empty_space height=&#8221;30px&#8221;][vc_column_text]\n<h1 style=\"text-align: center;\">ANGIOLOGIA<\/h1>\n[\/vc_column_text][vc_empty_space height=&#8221;20px&#8221;][vc_column_text]\n<p style=\"text-align: left;\">A <strong>angiologia<\/strong> \u00e9 a especialidade m\u00e9dica respons\u00e1vel pelo diagn\u00f3stico e tratamento de doen\u00e7as que afetam os vasos sangu\u00edneos e linf\u00e1ticos, como varizes, trombose e problemas circulat\u00f3rios. O <strong>angiologista<\/strong> cuida da sa\u00fade vascular, auxiliando na preven\u00e7\u00e3o e tratamento de complica\u00e7\u00f5es que podem comprometer a circula\u00e7\u00e3o.<\/p>\n<p style=\"text-align: left;\">Aqui no <strong>ICAMED<\/strong>, voc\u00ea conta com especialistas em angiologia para garantir uma avalia\u00e7\u00e3o completa e tratamentos personalizados, visando o bem-estar e a sa\u00fade das suas veias e art\u00e9rias.<\/p>\n<p style=\"text-align: left;\">Agende sua consulta e cuide da sua sa\u00fade vascular com nossos profissionais de confian\u00e7a!<\/p>\n[\/vc_column_text][vc_empty_space][\/vc_column][\/vc_row]\n","protected":false},"excerpt":{"rendered":"<p>[vc_row][vc_column][vc_empty_space height=&#8221;30px&#8221;][vc_column_text] ANGIOLOGIA [\/vc_column_text][vc_empty_space height=&#8221;20px&#8221;][vc_column_text] A angiologia \u00e9 a especialidade m\u00e9dica respons\u00e1vel pelo diagn\u00f3stico e tratamento de doen\u00e7as que afetam os vasos sangu\u00edneos e linf\u00e1ticos, como varizes, trombose e problemas circulat\u00f3rios. O angiologista cuida da sa\u00fade vascular, auxiliando na preven\u00e7\u00e3o e tratamento de complica\u00e7\u00f5es que&#8230;<\/p>\n","protected":false},"author":1,"featured_media":0,"parent":0,"menu_order":0,"comment_status":"closed","ping_status":"closed","template":"","meta":[],"_links":{"self":[{"href":"https:\/\/icamed.com.br\/clinica-medica\/wp-json\/wp\/v2\/pages\/11341"}],"collection":[{"href":"https:\/\/icamed.com.br\/clinica-medica\/wp-json\/wp\/v2\/pages"}],"about":[{"href":"https:\/\/icamed.com.br\/clinica-medica\/wp-json\/wp\/v2\/types\/page"}],"author":[{"embeddable":true,"href":"https:\/\/icamed.com.br\/clinica-medica\/wp-json\/wp\/v2\/users\/1"}],"replies":[{"embeddable":true,"href":"https:\/\/icamed.com.br\/clinica-medica\/wp-json\/wp\/v2\/comments?post=11341"}],"version-history":[{"count":8,"href":"https:\/\/icamed.com.br\/clinica-medica\/wp-json\/wp\/v2\/pages\/11341\/revisions"}],"predecessor-version":[{"id":26014,"href":"https:\/\/icamed.com.br\/clinica-medica\/wp-json\/wp\/v2\/pages\/11341\/revisions\/26014"}],"wp:attachment":[{"href":"https:\/\/icamed.com.br\/clinica-medica\/wp-json\/wp\/v2\/media?parent=11341"}],"curies":[{"name":"wp","href":"https:\/\/api.w.org\/{rel}","templated":true}]}}