{"id":10657,"date":"2017-06-14T13:14:31","date_gmt":"2017-06-14T13:14:31","guid":{"rendered":"http:\/\/icamed.com.br\/clinica-medica\/?page_id=10657"},"modified":"2024-10-05T01:38:53","modified_gmt":"2024-10-05T04:38:53","slug":"cirurgia-geral","status":"publish","type":"page","link":"https:\/\/icamed.com.br\/clinica-medica\/cirurgia-geral\/","title":{"rendered":"CIRURGIA GERAL"},"content":{"rendered":"[vc_row][vc_column][vc_empty_space height=&#8221;30px&#8221;][vc_column_text]\n<h1 style=\"text-align: center;\">CIRURGIA GERAL<\/h1>\n[\/vc_column_text][vc_empty_space height=&#8221;20px&#8221;][vc_column_text]\n<p style=\"text-align: left;\"><a href=\"http:\/\/icamed.com.br\/clinica-medica\/wp-content\/uploads\/2017\/06\/cirurgiageral.jpg\"><img loading=\"lazy\" class=\"alignright size-medium wp-image-10658\" src=\"http:\/\/icamed.com.br\/clinica-medica\/wp-content\/uploads\/2017\/06\/cirurgiageral-300x200.jpg\" alt=\"cirurgiageral\" width=\"300\" height=\"200\" \/><\/a>A Cirurgia Geral \u00e9 a especialidade base de toda a Cirurgia, da qual derivaram as diversas especialidades cir\u00fargicas. \u00c9 a especialidade que se dedica ao tratamento cir\u00fargico de doen\u00e7as de v\u00e1rios \u00f3rg\u00e3os e sistemas, como as doen\u00e7as oncol\u00f3gicas do aparelho digestivo, endocrinol\u00f3gicas, metab\u00f3licas ou da obesidade e defeitos anat\u00f3micos como as h\u00e9rnias, utilizando t\u00e9cnicas de abordagem cl\u00e1ssicas ou minimamente invasivas como a laparoscopia.<\/p>\n<p>&nbsp;<\/p>\n<p style=\"text-align: left;\">Esta especialidade trata ou colabora no tratamento das doen\u00e7as benignas e malignas de v\u00e1rios \u00f3rg\u00e3os, aparelhos e sistemas, nomeadamente as doen\u00e7as do aparelho digestivo, da mama, das gl\u00e2ndulas end\u00f3crinas, da pele e dos tecidos moles, do metabolismo, as resultantes de defeitos anat\u00f3micos ou funcionais e as resultantes de acidentes e outros traumatismos.<\/p>\n[\/vc_column_text][vc_empty_space][\/vc_column][\/vc_row]\n","protected":false},"excerpt":{"rendered":"<p>[vc_row][vc_column][vc_empty_space height=&#8221;30px&#8221;][vc_column_text] CIRURGIA GERAL [\/vc_column_text][vc_empty_space height=&#8221;20px&#8221;][vc_column_text] A Cirurgia Geral \u00e9 a especialidade base de toda a Cirurgia, da qual derivaram as diversas especialidades cir\u00fargicas. \u00c9 a especialidade que se dedica ao tratamento cir\u00fargico de doen\u00e7as de v\u00e1rios \u00f3rg\u00e3os e sistemas, como as doen\u00e7as oncol\u00f3gicas do&#8230;<\/p>\n","protected":false},"author":1,"featured_media":0,"parent":0,"menu_order":0,"comment_status":"closed","ping_status":"closed","template":"","meta":[],"_links":{"self":[{"href":"https:\/\/icamed.com.br\/clinica-medica\/wp-json\/wp\/v2\/pages\/10657"}],"collection":[{"href":"https:\/\/icamed.com.br\/clinica-medica\/wp-json\/wp\/v2\/pages"}],"about":[{"href":"https:\/\/icamed.com.br\/clinica-medica\/wp-json\/wp\/v2\/types\/page"}],"author":[{"embeddable":true,"href":"https:\/\/icamed.com.br\/clinica-medica\/wp-json\/wp\/v2\/users\/1"}],"replies":[{"embeddable":true,"href":"https:\/\/icamed.com.br\/clinica-medica\/wp-json\/wp\/v2\/comments?post=10657"}],"version-history":[{"count":5,"href":"https:\/\/icamed.com.br\/clinica-medica\/wp-json\/wp\/v2\/pages\/10657\/revisions"}],"predecessor-version":[{"id":26018,"href":"https:\/\/icamed.com.br\/clinica-medica\/wp-json\/wp\/v2\/pages\/10657\/revisions\/26018"}],"wp:attachment":[{"href":"https:\/\/icamed.com.br\/clinica-medica\/wp-json\/wp\/v2\/media?parent=10657"}],"curies":[{"name":"wp","href":"https:\/\/api.w.org\/{rel}","templated":true}]}}