{"id":10161,"date":"2017-02-24T06:01:04","date_gmt":"2017-02-24T06:01:04","guid":{"rendered":"http:\/\/icamed.com.br\/clinica-medica\/?page_id=10161"},"modified":"2024-10-05T01:39:27","modified_gmt":"2024-10-05T04:39:27","slug":"vacina-dengue","status":"publish","type":"page","link":"https:\/\/icamed.com.br\/clinica-medica\/vacina-dengue\/","title":{"rendered":"VACINA DENGUE"},"content":{"rendered":"[vc_row][vc_column width=&#8221;1\/1&#8243;][vc_column_text]\n<h2 style=\"text-align: center;\">VACINA DENGUE<\/h2>\n[\/vc_column_text][vc_empty_space height=&#8221;20px&#8221;][vc_column_text]\n<h4 style=\"text-align: justify;\">O que previne:<\/h4>\n<p style=\"text-align: justify;\">Infec\u00e7\u00e3o causada pelos quatro sorotipos de dengue: DEN1, DEN2, DEN3 e DEN4. A efic\u00e1cia na preven\u00e7\u00e3o da doen\u00e7a \u00e9 de 65,5%; na preven\u00e7\u00e3o de dengue grave e hemorr\u00e1gica \u00e9 de 93% e de interna\u00e7\u00e3o \u00e9 de mais de 80%.<\/p>\n<p>&nbsp;<\/p>\n<h4 style=\"text-align: justify;\">Indica\u00e7\u00e3o:<\/h4>\n<p style=\"text-align: justify;\">A vacina est\u00e1 licenciada para crian\u00e7as a partir de 9 anos de idade, adolescentes e adultos at\u00e9 45 anos.<\/p>\n<p>&nbsp;<\/p>\n<h4 style=\"text-align: justify;\">Contraindica\u00e7\u00e3o:<\/h4>\n<p style=\"text-align: justify;\">Pessoas imunodeprimidas.<br \/>\nAlergia grave (anafilaxia) a algum dos componentes da vacina.<br \/>\nGestantes.<br \/>\nMulheres amamentando.<\/p>\n<p>&nbsp;<\/p>\n<h4 style=\"text-align: justify;\">Esquema de doses:<\/h4>\n<p style=\"text-align: justify;\">Tr\u00eas doses com intervalo de seis meses.<\/p>\n<p>&nbsp;<\/p>\n<h4 style=\"text-align: justify;\">Cuidados antes, durante e ap\u00f3s a vacina\u00e7\u00e3o:<\/h4>\n<p style=\"text-align: justify;\">A vacina\u00e7\u00e3o n\u00e3o requer qualquer cuidado pr\u00e9vio.<\/p>\n<p style=\"text-align: justify;\">Adiar a vacina\u00e7\u00e3o em caso de doen\u00e7a febril aguda moderada a grave.<\/p>\n<p style=\"text-align: justify;\">A vacina\u00e7\u00e3o de pessoas portadoras do v\u00edrus HIV deve ser avaliada por m\u00e9dico, que pode prescrev\u00ea-la se n\u00e3o houver comprometimento do sistema imunol\u00f3gico.<\/p>\n<p style=\"text-align: justify;\">Em pacientes que receberam tratamento com doses elevadas de corticosteroides sist\u00eamicos por duas semanas ou mais, \u00e9 preciso adiar a vacina\u00e7\u00e3o at\u00e9 a fun\u00e7\u00e3o imunol\u00f3gica estar restaurada (no m\u00ednimo quatro semanas ap\u00f3s a interrup\u00e7\u00e3o do tratamento).<\/p>\n<p style=\"text-align: justify;\">As mulheres em idade f\u00e9rtil devem evitar engravidar por quatro semanas ap\u00f3s vacina\u00e7\u00e3o.<\/p>\n<p>&nbsp;<\/p>\n<h4 style=\"text-align: justify;\">Efeitos e eventos adversos:<\/h4>\n<p style=\"text-align: justify;\">As rea\u00e7\u00f5es adversas mais frequentemente relatadas foram: dor de cabe\u00e7a, dor no local da inje\u00e7\u00e3o, mal-estar e mialgia.<\/p>\n<p style=\"text-align: justify;\">As rea\u00e7\u00f5es foram geralmente de gravidade leve a moderada e de curta dura\u00e7\u00e3o (at\u00e9 tr\u00eas dias). O in\u00edcio foi tipicamente observado em at\u00e9 tr\u00eas dias ap\u00f3s a vacina\u00e7\u00e3o, com exce\u00e7\u00e3o da febre, que surge dentro de 14 dias ap\u00f3s a aplica\u00e7\u00e3o da vacina.<\/p>\n<p style=\"text-align: justify;\">As rea\u00e7\u00f5es adversas sist\u00eamicas tendem a ser menos frequentes ap\u00f3s a segunda e a terceira doses.<\/p>\n<p>&nbsp;<\/p>\n<h4 style=\"text-align: justify;\">Rea\u00e7\u00f5es adversas poss\u00edveis:<\/h4>\n<p style=\"text-align: justify;\">Em \u2265 10% dos vacinados: cefaleia, mialgia, dor no local da inje\u00e7\u00e3o, mal-estar, sensa\u00e7\u00e3o de fraqueza e febre.<br \/>\nEntre 1% e 10% dos vacinados: vermelhid\u00e3o na pele, hematoma, incha\u00e7o e coceira no local da inje\u00e7\u00e3o.<br \/>\nEm menos de 1% dos vacinados: surgimento de g\u00e2nglios (linfoadenopatia), tontura, enxaqueca, n\u00e1useas, erup\u00e7\u00e3o cut\u00e2nea, urtic\u00e1ria, dor articular, endurecimento no local da inje\u00e7\u00e3o, sintomas gripais.<br \/>\nOBS: a febre foi menos frequente nos indiv\u00edduos com mais de 18 anos de idade. Hematoma e coceira no local da inje\u00e7\u00e3o foram menos frequente indiv\u00edduos dos 9 aos 17 anos de idade.<\/p>\n[\/vc_column_text][vc_empty_space height=&#8221;32px&#8221;][\/vc_column][\/vc_row]\n","protected":false},"excerpt":{"rendered":"<p>[vc_row][vc_column width=&#8221;1\/1&#8243;][vc_column_text] VACINA DENGUE [\/vc_column_text][vc_empty_space height=&#8221;20px&#8221;][vc_column_text] O que previne: Infec\u00e7\u00e3o causada pelos quatro sorotipos de dengue: DEN1, DEN2, DEN3 e DEN4. A efic\u00e1cia na preven\u00e7\u00e3o da doen\u00e7a \u00e9 de 65,5%; na preven\u00e7\u00e3o de dengue grave e hemorr\u00e1gica \u00e9 de 93% e de interna\u00e7\u00e3o \u00e9 de&#8230;<\/p>\n","protected":false},"author":1,"featured_media":0,"parent":0,"menu_order":0,"comment_status":"closed","ping_status":"open","template":"","meta":[],"_links":{"self":[{"href":"https:\/\/icamed.com.br\/clinica-medica\/wp-json\/wp\/v2\/pages\/10161"}],"collection":[{"href":"https:\/\/icamed.com.br\/clinica-medica\/wp-json\/wp\/v2\/pages"}],"about":[{"href":"https:\/\/icamed.com.br\/clinica-medica\/wp-json\/wp\/v2\/types\/page"}],"author":[{"embeddable":true,"href":"https:\/\/icamed.com.br\/clinica-medica\/wp-json\/wp\/v2\/users\/1"}],"replies":[{"embeddable":true,"href":"https:\/\/icamed.com.br\/clinica-medica\/wp-json\/wp\/v2\/comments?post=10161"}],"version-history":[{"count":3,"href":"https:\/\/icamed.com.br\/clinica-medica\/wp-json\/wp\/v2\/pages\/10161\/revisions"}],"predecessor-version":[{"id":10700,"href":"https:\/\/icamed.com.br\/clinica-medica\/wp-json\/wp\/v2\/pages\/10161\/revisions\/10700"}],"wp:attachment":[{"href":"https:\/\/icamed.com.br\/clinica-medica\/wp-json\/wp\/v2\/media?parent=10161"}],"curies":[{"name":"wp","href":"https:\/\/api.w.org\/{rel}","templated":true}]}}