{"id":10089,"date":"2017-02-23T23:48:09","date_gmt":"2017-02-23T23:48:09","guid":{"rendered":"http:\/\/icamed.com.br\/clinica-medica\/?page_id=10089"},"modified":"2024-10-05T01:39:37","modified_gmt":"2024-10-05T04:39:37","slug":"vacina-triplice-bacteriana-acelular-infantil","status":"publish","type":"page","link":"https:\/\/icamed.com.br\/clinica-medica\/vacina-triplice-bacteriana-acelular-infantil\/","title":{"rendered":"VACINA TR\u00cdPLICE BACTERIANA ACELULAR INFANTIL &#8211; DTPa"},"content":{"rendered":"[vc_row][vc_column width=&#8221;1\/1&#8243;][vc_column_text]\n<h2 style=\"text-align: center;\">VACINA TR\u00cdPLICE BACTERIANA ACELULAR INFANTIL &#8211; DTPa<\/h2>\n[\/vc_column_text][vc_empty_space height=&#8221;20px&#8221;][vc_column_text]\n<h4 style=\"text-align: justify;\">O que previne:<\/h4>\n<p style=\"text-align: justify;\">Difteria, t\u00e9tano e coqueluche.<\/p>\n<p>&nbsp;<\/p>\n<h4 style=\"text-align: justify;\">Indica\u00e7\u00f5es:<\/h4>\n<p style=\"text-align: justify;\">Crian\u00e7as com menos de 7 anos de idade. Mesmo as que j\u00e1 tiveram t\u00e9tano, difteria, doen\u00e7a causada pelo Haemophilus influenzae tipo b (Hib) e\/ou coqueluche devem ser imunizadas, uma vez que estas doen\u00e7as n\u00e3o conferem prote\u00e7\u00e3o permanente frente a novas infec\u00e7\u00f5es.<\/p>\n<p>&nbsp;<\/p>\n<h4 style=\"text-align: justify;\">Contraindica\u00e7\u00f5es:<\/h4>\n<ul style=\"text-align: justify;\">\n<li>Maiores de 7 anos.<\/li>\n<li>Crian\u00e7as que apresentaram encefalopatia nos sete dias que se seguiram \u00e0 aplica\u00e7\u00e3o de dose anterior de vacina contendo componente pertussis.<\/li>\n<li>Anafilaxia causada por qualquer componente da vacina.<\/li>\n<\/ul>\n<p>&nbsp;<\/p>\n<h4 style=\"text-align: justify;\">Esquema de doses:<\/h4>\n<p style=\"text-align: justify;\">Para a vacina\u00e7\u00e3o rotineira de crian\u00e7as (aos 2, 4, 6 meses e entre 12 e 18 meses), preferir a vacina qu\u00edntupla (penta) ou s\u00eaxtupla, nas quais a DTPa \u00e9 combinada a outras vacinas. Ver DTPa-VIP\/Hib ou DTPa-VIP-HB\/Hib. Para a dose de refor\u00e7o entre 4 e 5 anos de idade, a DTPa pode ser substitu\u00edda por dTpa ou\u00a0dTpa-VIP.<\/p>\n<p>&nbsp;<\/p>\n<h4 style=\"text-align: justify;\">Cuidados antes, durante e ap\u00f3s a vacina\u00e7\u00e3o:<\/h4>\n<ul style=\"text-align: justify;\">\n<li>N\u00e3o s\u00e3o necess\u00e1rios cuidados especiais antes da vacina\u00e7\u00e3o.<\/li>\n<li>Em caso de doen\u00e7a aguda com febre alta a vacina\u00e7\u00e3o deve ser adiada at\u00e9 que ocorra a melhora.<\/li>\n<li>Em pessoas com doen\u00e7as que aumentam o risco de sangramento, a aplica\u00e7\u00e3o intramuscular pode ser substitu\u00edda pela subcut\u00e2nea.<\/li>\n<li>Compressas frias aliviam a rea\u00e7\u00e3o no local da aplica\u00e7\u00e3o. Em casos mais intensos pode ser usada medica\u00e7\u00e3o para dor, sob prescri\u00e7\u00e3o m\u00e9dica.<\/li>\n<li>Qualquer sintoma grave e\/ou inesperado ap\u00f3s a vacina\u00e7\u00e3o deve ser notificado ao servi\u00e7o que a realizou.<\/li>\n<li>Sintomas de eventos adversos persistentes, que se prolongam por mais de 72 horas (dependendo do sintoma), devem ser investigados para verifica\u00e7\u00e3o de outras causas.<\/li>\n<\/ul>\n<p>&nbsp;<\/p>\n<h4 style=\"text-align: justify;\">Efeitos e eventos adversos:<\/h4>\n<p style=\"text-align: justify;\">Com a vacina DTPa os eventos adversos s\u00e3o menos frequentes e intensos do que com a DTPw.<\/p>\n<p>&nbsp;<\/p>\n<p style=\"text-align: justify;\">&#8211; Manifesta\u00e7\u00f5es locais:<\/p>\n<ul style=\"text-align: justify;\">\n<li>Incha\u00e7o, vermelhid\u00e3o e dor no local da aplica\u00e7\u00e3o acontecem com 1,2% a 22,9% das crian\u00e7as vacinadas.<\/li>\n<li>Incha\u00e7o extenso, atingindo todo o membro, ocorre em 2% a 3% das crian\u00e7as vacinadas com quatro ou cinco doses da tr\u00edplice bacteriana acelular infantil (DTPa), em geral nas primeiras 24 horas. A melhora espont\u00e2nea \u00e9 percebida em dois dias.<\/li>\n<li>Mais raramente pode haver forma\u00e7\u00e3o de abscesso no local da aplica\u00e7\u00e3o, est\u00e9ril (abscesso frio) ou infeccioso (abscesso quente), com pus.<\/li>\n<\/ul>\n<p>&nbsp;<\/p>\n<p style=\"text-align: justify;\">&#8211; Manifesta\u00e7\u00f5es sist\u00eamicas:<\/p>\n<ul>\n<li style=\"text-align: justify;\">Febre baixa a moderada acomete at\u00e9 30% dos vacinados, em especial quando da aplica\u00e7\u00e3o da primeira dose e nas primeiras 24 horas (habitualmente entre tr\u00eas e 12 horas).<\/li>\n<li style=\"text-align: justify;\">Febre alta ocorre em menos de tr\u00eas crian\u00e7as a cada mil vacinadas.<\/li>\n<li style=\"text-align: justify;\">Sonol\u00eancia em 30% a 52,2% das crian\u00e7as vacinadas. Tem in\u00edcio nas primeiras 24 horas e pode persistir por at\u00e9 72 horas ap\u00f3s. A melhora do sintoma se d\u00e1 de maneira espont\u00e2nea, n\u00e3o sendo necess\u00e1ria conduta especial. Esse quadro n\u00e3o deixa sequela.<\/li>\n<li style=\"text-align: justify;\">Perda de apetite de baixa intensidade e transit\u00f3ria \u00e9 sintoma encontrado em at\u00e9 27,2% dos vacinados.<\/li>\n<li style=\"text-align: justify;\">V\u00f4mitos acontecem em 2,5% a 21,6% das crian\u00e7as vacinadas, melhorando espontaneamente.<\/li>\n<li style=\"text-align: justify;\">Choro persistente foi descrito em duas a cada mil crian\u00e7as vacinadas, nas primeiras 24 horas.<\/li>\n<li style=\"text-align: justify;\">Epis\u00f3dio hipot\u00f4nico-hiporresponsivo (EHH) pode acontecer nas primeiras 48 horas com frequ\u00eancia de 0,7 a cada mil crian\u00e7as vacinadas e n\u00e3o deixa sequelas. Costuma ser precedido por irritabilidade e febre. A crian\u00e7a torna-se p\u00e1lida, perde o t\u00f4nus muscular e a consci\u00eancia. Esse quadro pode durar desde alguns minutos at\u00e9 algumas horas, mas, apesar de muito angustiante, melhora sem deixar sequelas. Sua ocorr\u00eancia n\u00e3o indica tend\u00eancia de repeti\u00e7\u00e3o quando da aplica\u00e7\u00e3o de doses subsequentes.<\/li>\n<li style=\"text-align: justify;\">Convuls\u00e3o, nas primeiras 72 horas, tamb\u00e9m de car\u00e1ter benigno \u2013 n\u00e3o causa sequelas. A chance de ocorr\u00eancia \u00e9 de 0,3 para cada mil crian\u00e7as vacinadas. \u00c9 aconselh\u00e1vel que se fa\u00e7a uma investiga\u00e7\u00e3o m\u00e9dica para verificar se foi de fato causada pela vacina. Como os casos de convuls\u00e3o associam-se a febre e n\u00e3o \u00e0 vacina, n\u00e3o h\u00e1 contraindica\u00e7\u00e3o para as pr\u00f3ximas doses.<\/li>\n<li style=\"text-align: justify;\">Encefalopatia p\u00f3s-vacinal \u00e9 muito rara e n\u00e3o foi comprovada rela\u00e7\u00e3o com a vacina. Entre 1993 e 2002, o servi\u00e7o de vigil\u00e2ncia em sa\u00fade do Canad\u00e1 avaliou mais de 12 mil registros hospitalares devidos a desordens neurol\u00f3gicas e n\u00e3o foi encontrado nenhum caso de encefalopatia atribu\u00edvel a DTPa, em um universo de mais de 6,5 milh\u00f5es de doses aplicadas.<\/li>\n<li style=\"text-align: justify;\">Rea\u00e7\u00f5es de hipersensibilidade s\u00e3o extremamente raras e est\u00e3o associadas a rea\u00e7\u00f5es al\u00e9rgicas como urtic\u00e1ria, ou, em casos mais graves, anafilaxia. Nunca foi identificada qualquer rela\u00e7\u00e3o entre a anafilaxia e a vacina DTPa, de modo que sua ocorr\u00eancia n\u00e3o contraindica doses subsequentes da vacina. Estas rea\u00e7\u00f5es podem surgir v\u00e1rias horas ou dias ap\u00f3s a aplica\u00e7\u00e3o da vacina, podem ter origens diversas (viroses, alimentos e medicamentos, por exemplo), sendo muito pouco prov\u00e1vel que reapare\u00e7am ap\u00f3s a aplica\u00e7\u00e3o de dose subsequente, portanto, neste caso, n\u00e3o h\u00e1 contraindica\u00e7\u00e3o.<\/li>\n<\/ul>\n[\/vc_column_text][vc_empty_space height=&#8221;32px&#8221;][\/vc_column][\/vc_row]\n","protected":false},"excerpt":{"rendered":"<p>[vc_row][vc_column width=&#8221;1\/1&#8243;][vc_column_text] VACINA TR\u00cdPLICE BACTERIANA ACELULAR INFANTIL &#8211; DTPa [\/vc_column_text][vc_empty_space height=&#8221;20px&#8221;][vc_column_text] O que previne: Difteria, t\u00e9tano e coqueluche. &nbsp; Indica\u00e7\u00f5es: Crian\u00e7as com menos de 7 anos de idade. Mesmo as que j\u00e1 tiveram t\u00e9tano, difteria, doen\u00e7a causada pelo Haemophilus influenzae tipo b (Hib) e\/ou coqueluche&#8230;<\/p>\n","protected":false},"author":1,"featured_media":0,"parent":0,"menu_order":0,"comment_status":"closed","ping_status":"open","template":"","meta":[],"_links":{"self":[{"href":"https:\/\/icamed.com.br\/clinica-medica\/wp-json\/wp\/v2\/pages\/10089"}],"collection":[{"href":"https:\/\/icamed.com.br\/clinica-medica\/wp-json\/wp\/v2\/pages"}],"about":[{"href":"https:\/\/icamed.com.br\/clinica-medica\/wp-json\/wp\/v2\/types\/page"}],"author":[{"embeddable":true,"href":"https:\/\/icamed.com.br\/clinica-medica\/wp-json\/wp\/v2\/users\/1"}],"replies":[{"embeddable":true,"href":"https:\/\/icamed.com.br\/clinica-medica\/wp-json\/wp\/v2\/comments?post=10089"}],"version-history":[{"count":5,"href":"https:\/\/icamed.com.br\/clinica-medica\/wp-json\/wp\/v2\/pages\/10089\/revisions"}],"predecessor-version":[{"id":10694,"href":"https:\/\/icamed.com.br\/clinica-medica\/wp-json\/wp\/v2\/pages\/10089\/revisions\/10694"}],"wp:attachment":[{"href":"https:\/\/icamed.com.br\/clinica-medica\/wp-json\/wp\/v2\/media?parent=10089"}],"curies":[{"name":"wp","href":"https:\/\/api.w.org\/{rel}","templated":true}]}}